Calculate the remainder when 144 is divided by 13.
1
Calculate the remainder when 200127 is divided by 1118.
5
Calculate the remainder when 5318 is divided by 69.
5
Calculate the remainder when 27997 is divided by 623.
585
Calculate the remainder when 320157 is divided by 1036.
33
Calculate the remainder when 1295 is divided by 180.
35
What is the remainder when 293713 is divided by 388?
385
Calculate the remainder when 7842 is divided by 1566.
12
What is the remainder when 392924 is divided by 169?
168
Calculate the remainder when 253474 is divided by 41.
12
What is the remainder when 45906 is divided by 22931?
44
Calculate the remainder when 433665 is divided by 33.
12
What is the remainder when 42840 is divided by 31?
29
What is the remainder when 717178 is divided by 12?
10
Calculate the remainder when 784 is divided by 374.
36
Calculate the remainder when 401782 is divided by 22.
18
What is the remainder when 15522 is divided by 3103?
7
What is the remainder when 2503951 is divided by 164?
163
What is the remainder when 340980 is divided by 47?
42
What is the remainder when 4628 is divided by 332?
312
What is the remainder when 23545 is divided by 5886?
1
What is the remainder when 12935 is divided by 295?
250
What is the remainder when 2795 is divided by 508?
255
Calculate the remainder when 922 is divided by 792.
130
Calculate the remainder when 713 is divided by 598.
115
What is the remainder when 146277 is divided by 690?
687
Calculate the remainder when 785 is divided by 34.
3
What is the remainder when 13944 is divided by 536?
8
Calculate the remainder when 869 is divided by 124.
1
Calculate the remainder when 1122253 is divided by 858.
847
What is the remainder when 3564 is divided by 586?
48
What is the remainder when 199322 is divided by 387?
17
What is the remainder when 6570 is divided by 16?
10
Calculate the remainder when 295260 is divided by 53.
50
What is the remainder when 4911 is divided by 1607?
90
What is the remainder when 2469785 is divided by 46?
45
Calculate the remainder when 17782 is divided by 5915.
37
What is the remainder when 51278 is divided by 5127?
8
What is the remainder when 6846 is divided by 2188?
282
What is the remainder when 334686 is divided by 1819?
1809
What is the remainder when 341957 is divided by 70?
7
What is the remainder when 4334 is divided by 255?
254
What is the remainder when 307 is divided by 66?
43
Calculate the remainder when 371804 is divided by 6.
2
Calculate the remainder when 16151 is divided by 200.
151
Calculate the remainder when 2241695 is divided by 6.
5
Calculate the remainder when 3958 is divided by 1313.
19
What is the remainder when 23603 is divided by 36?
23
Calculate the remainder when 69316 is divided by 23104.
4
What is the remainder when 35415 is divided by 334?
11
What is the remainder when 2085 is divided by 1444?
641
What is the remainder when 54538 is divided by 135?
133
Calculate the remainder when 6621 is divided by 742.
685
What is the remainder when 36042 is divided by 5997?
60
What is the remainder when 5151 is divided by 2507?
137
Calculate the remainder when 1467 is divided by 91.
11
What is the remainder when 771 is divided by 76?
11
Calculate the remainder when 181044 is divided by 87.
84
What is the remainder when 25969 is divided by 273?
34
Calculate the remainder when 22585 is divided by 99.
13
Calculate the remainder when 406065 is divided by 114.
111
Calculate the remainder when 10400 is divided by 2600.
0
What is the remainder when 22662 is divided by 102?
18
Calculate the remainder when 94553 is divided by 110.
63
What is the remainder when 9118 is divided by 152?
150
What is the remainder when 152774 is divided by 873?
872
Calculate the remainder when 164820 is divided by 82410.
0
Calculate the remainder when 37863 is divided by 9465.
3
Calculate the remainder when 24691 is divided by 772.
759
Calculate the remainder when 270361 is divided by 11.
3
What is the remainder when 568 is divided by 558?
10
Calculate the remainder when 2741 is divided by 294.
95
What is the remainder when 6147 is divided by 786?
645
What is the remainder when 207158 is divided by 668?
78
What is the remainder when 232973 is divided by 77?
48
What is the remainder when 49431 is divided by 214?
211
Calculate the remainder when 1480 is divided by 15.
10
What is the remainder when 2180135 is divided by 1366?
1365
What is the remainder when 29647 is divided by 101?
54
What is the remainder when 3883 is divided by 105?
103
What is the remainder when 14192 is divided by 249?
248
What is the remainder when 64892 is divided by 451?
399
Calculate the remainder when 429424 is divided by 107354.
8
What is the remainder when 2750033 is divided by 9?
2
What is the remainder when 2645 is divided by 173?
50
Calculate the remainder when 8868 is divided by 178.
146
Calculate the remainder when 548051 is divided by 49.
35
Calculate the remainder when 38957 is divided by 64.
45
Calculate the remainder when 33814 is divided by 176.
22
Calculate the remainder when 14757 is divided by 12.
9
Calculate the remainder when 1808 is divided by 391.
244
Calculate the remainder when 11981 is divided by 19.
11
What is the remainder when 875 is divided by 432?
11
What is the remainder when 22895 is divided by 48?
47
What is the remainder when 2268 is divided by 690?
198
What is the remainder when 2654 is divided by 42?
8
Calculate the remainder when 739 is divided by 391.
348
Calculate the remainder when 93629 is divided by 309.
2
What is the remainder when 7008 is divided by 25?
8
What is the remainder when 17139 is divided by 51?
3
Calculate the remainder when 30234 is divided by 20.
14
What is the remainder when 2343 is divided by 1070?
203
Calculate the remainder when 19986 is divided by 664.
66
Calculate the remainder when 22151 is divided by 5531.
27
What is the remainder when 291936 is divided by 11?
7
Calculate the remainder when 11498 is divided by 135.
23
Calculate the remainder when 53164 is divided by 7593.
13
What is the remainder when 17900 is divided by 16?
12
Calculate the remainder when 3737 is divided by 434.
265
What is the remainder when 308431 is divided by 49?
25
What is the remainder when 156491 is divided by 52163?
2
What is the remainder when 74490 is divided by 11?
9
What is the remainder when 29087 is divided by 24?
23
Calculate the remainder when 152054 is divided by 116.
94
Calculate the remainder when 2324 is divided by 269.
172
What is the remainder when 897334 is divided by 911?
910
Calculate the remainder when 102827 is divided by 397.
4
What is the remainder when 22109 is divided by 2710?
429
Calculate the remainder when 31091 is divided by 14.
11
What is the remainder when 2290302 is divided by 464?
462
What is the remainder when 182016 is divided by 523?
12
Calculate the remainder when 378465 is divided by 332.
317
What is the remainder when 3735117 is divided by 40?
37
Calculate the remainder when 1433 is divided by 163.
129
Calculate the remainder when 327453 is divided by 263.
18
Calculate the remainder when 458799 is divided by 74.
73
Calculate the remainder when 3066 is divided by 238.
210
What is the remainder when 12482 is divided by 654?
56
What is the remainder when 47846 is divided by 275?
271
What is the remainder when 2597 is divided by 622?
109
Calculate the remainder when 11883 is divided by 11825.
58
What is the remainder when 1301 is divided by 104?
53
Calculate the remainder when 3414 is divided by 228.
222
Calculate the remainder when 8491 is divided by 530.
11
What is the remainder when 227558 is divided by 547?
6
Calculate the remainder when 7645476 is divided by 2063.
2061
Calculate the remainder when 5305 is divided by 229.
38
Calculate the remainder when 2365 is divided by 39.
25
What is the remainder when 258997 is divided by 200?
197
Calculate the remainder when 2466 is divided by 629.
579
What is the remainder when 78945 is divided by 11274?
27
Calculate the remainder when 190696 is divided by 55.
11
Calculate the remainder when 5077 is divided by 1179.
361
What is the remainder when 225359 is divided by 240?
239
Calculate the remainder when 507 is divided by 155.
42
Calculate the remainder when 1024 is divided by 411.
202
Calculate th